{"id":13,"date":"2018-02-03T15:14:03","date_gmt":"2018-02-03T14:14:03","guid":{"rendered":"http:\/\/kotly-prievidza.sk\/?page_id=13"},"modified":"2020-10-08T13:33:43","modified_gmt":"2020-10-08T12:33:43","slug":"kontakt","status":"publish","type":"page","link":"https:\/\/www.kotly-prievidza.sk\/?page_id=13","title":{"rendered":"Kontakt"},"content":{"rendered":"<p>[et_pb_section fb_built=&#8220;1&#8243; admin_label=&#8220;Header Section&#8220; _builder_version=&#8220;3.22&#8243; use_background_color_gradient=&#8220;on&#8220; background_color_gradient_start=&#8220;#e9f0f6&#8243; background_color_gradient_end=&#8220;rgba(233,240,246,0.2)&#8220; background_color_gradient_overlays_image=&#8220;on&#8220; background_image=&#8220;https:\/\/www.kotly-prievidza.sk\/\/wp-content\/uploads\/2018\/02\/section-bg-6.jpg&#8220; custom_padding=&#8220;0%||13%|0px&#8220;][et_pb_row custom_padding_last_edited=&#8220;off|desktop&#8220; admin_label=&#8220;Header Row&#8220; _builder_version=&#8220;3.25&#8243; background_size=&#8220;initial&#8220; background_position=&#8220;top_left&#8220; background_repeat=&#8220;repeat&#8220; custom_margin=&#8220;|||&#8220; custom_padding=&#8220;76px|0px|70px|0px&#8220; custom_padding_phone=&#8220;3vw|||&#8220;][et_pb_column type=&#8220;4_4&#8243; _builder_version=&#8220;3.25&#8243; custom_padding=&#8220;|||&#8220; custom_padding__hover=&#8220;|||&#8220;][et_pb_text admin_label=&#8220;Heading &#038; Subheading&#8220; _builder_version=&#8220;3.27.4&#8243; text_font=&#8220;Muli|600|||||||&#8220; text_font_size=&#8220;18px&#8220; text_line_height=&#8220;1.8em&#8220; header_font=&#8220;Muli|700|||||||&#8220; header_font_size=&#8220;65px&#8220; header_line_height=&#8220;1.4em&#8220; header_2_font=&#8220;||||||||&#8220; header_3_font=&#8220;||||||||&#8220; header_4_font=&#8220;||||||||&#8220; text_orientation=&#8220;center&#8220; max_width=&#8220;800px&#8220; max_width_last_edited=&#8220;off|desktop&#8220; module_alignment=&#8220;center&#8220; custom_margin=&#8220;|||&#8220; custom_padding=&#8220;|||&#8220; custom_padding_last_edited=&#8220;off|desktop&#8220; animation_style=&#8220;fade&#8220; text_font_size_tablet=&#8220;&#8220; text_font_size_phone=&#8220;&#8220; text_font_size_last_edited=&#8220;on|phone&#8220; header_font_size_tablet=&#8220;&#8220; header_font_size_phone=&#8220;28px&#8220; header_font_size_last_edited=&#8220;on|phone&#8220; header_2_font_size_tablet=&#8220;&#8220; header_2_font_size_phone=&#8220;&#8220; header_2_font_size_last_edited=&#8220;on|phone&#8220;]<\/p>\n<h1>Kontaktujte n\u00e1s<\/h1>\n<p>V pr\u00edpade ak\u00fdchko\u013evek ot\u00e1zok n\u00e1s nev\u00e1hajte kontaktova\u0165 a my V\u00e1m ochotne porad\u00edme.<br \/>\n[\/et_pb_text][\/et_pb_column][\/et_pb_row][\/et_pb_section][et_pb_section fb_built=&#8220;1&#8243; admin_label=&#8220;Contact Section&#8220; _builder_version=&#8220;3.22&#8243; custom_padding=&#8220;30px|0px|40px|0px&#8220;][et_pb_row admin_label=&#8220;Message Row&#8220; _builder_version=&#8220;3.25&#8243; custom_padding=&#8220;25px|0px|30px|0px&#8220; animation_style=&#8220;fade&#8220; column_structure=&#8220;1_3,2_3&#8243;][et_pb_column type=&#8220;1_3&#8243; _builder_version=&#8220;3.25&#8243; custom_padding=&#8220;|||&#8220; custom_padding__hover=&#8220;|||&#8220;][et_pb_text admin_label=&#8220;Title&#8220; _builder_version=&#8220;3.27.4&#8243; text_font=&#8220;Muli|600|||||||&#8220; text_text_color=&#8220;#737373&#8243; text_font_size=&#8220;18px&#8220; header_font=&#8220;||||||||&#8220; header_2_font=&#8220;Muli|700|||||||&#8220; header_2_text_align=&#8220;left&#8220; header_2_font_size=&#8220;50px&#8220; header_2_line_height=&#8220;1.4em&#8220; max_width_last_edited=&#8220;off|desktop&#8220; custom_margin=&#8220;|||&#8220; custom_padding=&#8220;|||&#8220; custom_padding_last_edited=&#8220;off|desktop&#8220; header_2_font_size_tablet=&#8220;&#8220; header_2_font_size_phone=&#8220;40px&#8220; header_2_font_size_last_edited=&#8220;on|phone&#8220;]<\/p>\n<h2>Nap\u00ed\u0161te n\u00e1m<\/h2>\n<p>[\/et_pb_text][\/et_pb_column][et_pb_column type=&#8220;2_3&#8243; _builder_version=&#8220;3.25&#8243; custom_padding=&#8220;|||&#8220; custom_padding__hover=&#8220;|||&#8220;][et_pb_contact_form captcha=&#8220;off&#8220; email=&#8220;osc.prievidza@gmail.com&#8220; success_message=&#8220;Va\u0161a spr\u00e1va bola \u00faspe\u0161ne odoslan\u00e1. \u010eakujeme!&#8220; module_id=&#8220;et_pb_contact_form_0&#8243; _builder_version=&#8220;3.23&#8243; form_field_background_color=&#8220;rgba(26,26,26,0.08)&#8220; form_field_text_color=&#8220;rgba(0,0,0,0.6)&#8220; form_field_font=&#8220;Muli|600|||||||&#8220; form_field_font_size=&#8220;16px&#8220; custom_button=&#8220;on&#8220; button_text_size=&#8220;16px&#8220; button_text_color=&#8220;#ffffff&#8220; button_bg_color=&#8220;#f4583f&#8220; button_border_width=&#8220;10px&#8220; button_border_color=&#8220;#f4583f&#8220; button_border_radius=&#8220;0px&#8220; button_font=&#8220;Muli|700|||||||&#8220; button_use_icon=&#8220;off&#8220; form_background_color=&#8220;rgba(26,26,26,0.08)&#8220;][et_pb_contact_field field_id=&#8220;Meno&#8220; field_title=&#8220;Meno&#8220; _builder_version=&#8220;3.16.1&#8243;][\/et_pb_contact_field][et_pb_contact_field field_id=&#8220;Email&#8220; field_title=&#8220;Email&#8220; field_type=&#8220;email&#8220; _builder_version=&#8220;3.16.1&#8243;][\/et_pb_contact_field][et_pb_contact_field field_id=&#8220;Predment&#8220; field_title=&#8220;Predmet&#8220; required_mark=&#8220;off&#8220; fullwidth_field=&#8220;on&#8220; _builder_version=&#8220;3.16.1&#8243;][\/et_pb_contact_field][et_pb_contact_field field_id=&#8220;Spr\u00e1va&#8220; field_title=&#8220;Spr\u00e1va&#8220; field_type=&#8220;text&#8220; fullwidth_field=&#8220;on&#8220; _builder_version=&#8220;3.16.1&#8243;][\/et_pb_contact_field][et_pb_contact_field field_id=&#8220;Gdpr-consent&#8220; field_title=&#8220;S\u00fahlas so spracovan\u00edm osobn\u00fdch \u00fadajov&#8220; field_type=&#8220;checkbox&#8220; checkbox_options=&#8220;%91{%22value%22:%22S\u00fahlas\u00edm so spracovan\u00edm osobn\u00fdch \u00fadajov%22,%22checked%22:0}%93&#8243; _builder_version=&#8220;3.16.1&#8243; form_field_font=&#8220;||||||||&#8220;][\/et_pb_contact_field][et_pb_contact_field field_id=&#8220;Marketing_-_s\u00fahlas&#8220; field_title=&#8220;S\u00fahlas so zaraden\u00edm do newslettra&#8220; field_type=&#8220;checkbox&#8220; checkbox_options=&#8220;%91{%22value%22:%22S\u00fahlas\u00edm%22,%22checked%22:0},{%22value%22:%22Nes\u00fahlas\u00edm%22,%22checked%22:0}%93&#8243; required_mark=&#8220;off&#8220; _builder_version=&#8220;3.16.1&#8243; form_field_font=&#8220;||||||||&#8220;][\/et_pb_contact_field][\/et_pb_contact_form][et_pb_blurb admin_label=&#8220;OOU&#8220; module_class=&#8220;full_w&#8220; _builder_version=&#8220;3.16.1&#8243; custom_margin=&#8220;0px|0px|0px|0px&#8220; custom_padding=&#8220;0px|0px|0px|0px&#8220;]Ako pristupujeme k ochrane osobn\u00fdch \u00fadajov &#8211; aktu\u00e1lne znenie <a href=\"https:\/\/www.kotly-prievidza.sk\/gdpr\/\">Ochrana osobn\u00fdch \u00fadajov<\/a><br \/>\n[\/et_pb_blurb][\/et_pb_column][\/et_pb_row][\/et_pb_section][et_pb_section fb_built=&#8220;1&#8243; admin_label=&#8220;Map Section&#8220; _builder_version=&#8220;3.22&#8243; background_color=&#8220;#e9f0f6&#8243; custom_padding=&#8220;0|0px|100px|0px&#8220;][et_pb_row admin_label=&#8220;Map Row&#8220; _builder_version=&#8220;3.25&#8243; custom_margin=&#8220;|||&#8220; custom_margin_last_edited=&#8220;off|desktop&#8220; custom_padding=&#8220;14px|0px|27px|0px&#8220; animation_style=&#8220;fade&#8220;][et_pb_column type=&#8220;4_4&#8243; _builder_version=&#8220;3.25&#8243; custom_padding=&#8220;|||&#8220; custom_padding__hover=&#8220;|||&#8220;][et_pb_text admin_label=&#8220;Title&#8220; module_id=&#8220;telefon&#8220; _builder_version=&#8220;3.27.4&#8243; text_font=&#8220;Muli|600|||||||&#8220; text_font_size=&#8220;17px&#8220; text_line_height=&#8220;1em&#8220; header_2_font=&#8220;Muli|700|||||||&#8220; header_2_font_size=&#8220;50px&#8220; header_2_line_height=&#8220;1.4em&#8220; text_orientation=&#8220;center&#8220; max_width=&#8220;800px&#8220; max_width_last_edited=&#8220;off|desktop&#8220; module_alignment=&#8220;center&#8220; custom_margin=&#8220;|||&#8220; custom_padding=&#8220;|||&#8220; custom_padding_last_edited=&#8220;off|desktop&#8220; header_2_font_size_tablet=&#8220;&#8220; header_2_font_size_phone=&#8220;40px&#8220; header_2_font_size_last_edited=&#8220;on|phone&#8220;]<\/p>\n<h2>Nav\u0161t\u00edvte n\u00e1s<\/h2>\n<p>Na\u0161u predaj\u0148u n\u00e1jdete na adrese:<\/p>\n<p>Nadjazdov\u00e1 2,<\/p>\n<p>971 01, Prievidza<\/p>\n<p>&nbsp;<\/p>\n<p>&nbsp;<\/p>\n<p>tel.: <a href=\"tel:+42146\/5420901\">046\/542 09 01 &#8211; 03<\/a><\/p>\n<p>mobil: <a href=\"tel:+421903514899\">+421 903 514 899<\/a><\/p>\n<p><strong>e-mail:<\/strong> <a href=\"mailto:osc.prievidza@gmail.com\">osc.prievidza@gmail.com<\/a>, <a href=\"mailto:osc@osc.sk\">osc@osc.sk<\/a><\/p>\n<p>&nbsp;<\/p>\n<p>Faktura\u010dn\u00e9 \u00fadaje<\/p>\n<p><strong>Obchodn\u00e9 meno:<\/strong> OS\u010c MON\u010cEK s.r.o.<\/p>\n<p>Nadjazdov\u00e1 2,<br \/>\n971 01, Prievidza<\/p>\n<p><strong>I\u010cO:<\/strong> 52499715<br \/>\n<strong>I\u010c DPH:<\/strong> SK2121047291<\/p>\n<p>Otv\u00e1racie hodiny:<\/p>\n<p>Po-Pia 07:00 &#8211; 16:00<\/p>\n<p>So 08:00 &#8211; 12:00<\/p>\n<p>&nbsp;<br \/>\n[\/et_pb_text][\/et_pb_column][\/et_pb_row][\/et_pb_section][et_pb_section fb_built=&#8220;1&#8243; fullwidth=&#8220;on&#8220; _builder_version=&#8220;3.22&#8243;][et_pb_fullwidth_code]<iframe loading=\"lazy\" style=\"border: 0;\" src=\"https:\/\/www.google.com\/maps\/embed?pb=!1m18!1m12!1m3!1d2629.950472336086!2d18.621993051830596!3d48.76374211521764!2m3!1f0!2f0!3f0!3m2!1i1024!2i768!4f13.1!3m3!1m2!1s0x4714dc8adc6e8809%3A0xfc5fef050f7acae3!2zT3PEjSBNb27EjWVrIER1xaFhbg!5e0!3m2!1ssk!2ssk!4v1540561470451\" width=\"100%\" height=\"350\" frameborder=\"0\" allowfullscreen=\"allowfullscreen\"><\/iframe>[\/et_pb_fullwidth_code][\/et_pb_section][et_pb_section fb_built=&#8220;1&#8243; disabled_on=&#8220;|on|on&#8220; admin_label=&#8220;Map Section&#8220; _builder_version=&#8220;3.22&#8243; background_color=&#8220;#e9f0f6&#8243; custom_padding=&#8220;0|0px|100px|0px&#8220;][et_pb_row admin_label=&#8220;Map Row&#8220; _builder_version=&#8220;3.25&#8243; custom_margin=&#8220;|||&#8220; custom_margin_last_edited=&#8220;off|desktop&#8220; custom_padding=&#8220;14px|0px|27px|0px&#8220; animation_style=&#8220;fade&#8220;][et_pb_column type=&#8220;4_4&#8243; _builder_version=&#8220;3.25&#8243; custom_padding=&#8220;|||&#8220; custom_padding__hover=&#8220;|||&#8220;][et_pb_text admin_label=&#8220;Title&#8220; module_id=&#8220;telefon&#8220; _builder_version=&#8220;3.27.4&#8243; text_font=&#8220;Muli|600|||||||&#8220; text_font_size=&#8220;17px&#8220; text_line_height=&#8220;1em&#8220; header_2_font=&#8220;Muli|700|||||||&#8220; header_2_font_size=&#8220;50px&#8220; header_2_line_height=&#8220;1.4em&#8220; text_orientation=&#8220;center&#8220; max_width=&#8220;800px&#8220; max_width_last_edited=&#8220;off|desktop&#8220; module_alignment=&#8220;center&#8220; custom_margin=&#8220;|||&#8220; custom_padding=&#8220;|||&#8220; custom_padding_last_edited=&#8220;off|desktop&#8220; header_2_font_size_tablet=&#8220;&#8220; header_2_font_size_phone=&#8220;40px&#8220; header_2_font_size_last_edited=&#8220;on|phone&#8220;]<\/p>\n<h2>Nav\u0161t\u00edvte n\u00e1s<\/h2>\n<p>Na\u0161u predaj\u0148u n\u00e1jdete na adrese:<\/p>\n<p>Nadjazdov\u00e1 2,<\/p>\n<p>971 01, Prievidza<\/p>\n<p>&nbsp;<\/p>\n<p>&nbsp;<\/p>\n<p>tel.: <a href=\"tel:+42146\/5420901\">046\/542 09 01 &#8211; 03<\/a><\/p>\n<p>mobil: <a href=\"tel:+421903514899\">+421 903 514 899<\/a><\/p>\n<p><strong>e-mail:<\/strong> <a href=\"mailto:osc.prievidza@gmail.com\">osc.prievidza@gmail.com<\/a>, <a href=\"mailto:osc@osc.sk\">osc@osc.sk<\/a><\/p>\n<p>&nbsp;<\/p>\n<p>Faktura\u010dn\u00e9 \u00fadaje<\/p>\n<p><strong>Obchodn\u00e9 meno:<\/strong> OS\u010c MON\u010cEK s.r.o.<\/p>\n<p>Nadjazdov\u00e1 2,<br \/>\n971 01, Prievidza<\/p>\n<p><strong>I\u010cO:<\/strong> 52499715<br \/>\n<strong>I\u010c DPH:<\/strong> SK2121047291<\/p>\n<p>Otv\u00e1racie hodiny:<\/p>\n<p>Po-Pia 07:00 &#8211; 16:00<\/p>\n<p>So 08:00 &#8211; 12:00<\/p>\n<p>&nbsp;<br \/>\n[\/et_pb_text][\/et_pb_column][\/et_pb_row][\/et_pb_section]<\/p>\n","protected":false},"excerpt":{"rendered":"<p>Kontaktujte n\u00e1s V pr\u00edpade ak\u00fdchko\u013evek ot\u00e1zok n\u00e1s nev\u00e1hajte kontaktova\u0165 a my V\u00e1m ochotne porad\u00edme. Nap\u00ed\u0161te n\u00e1m Ako pristupujeme k ochrane osobn\u00fdch \u00fadajov &#8211; aktu\u00e1lne znenie Ochrana osobn\u00fdch \u00fadajov Nav\u0161t\u00edvte n\u00e1s Na\u0161u predaj\u0148u n\u00e1jdete na adrese: Nadjazdov\u00e1 2, 971 01, Prievidza &nbsp; &nbsp; tel.: 046\/542 09 01 &#8211; 03 mobil: +421 903 514 899 e-mail: osc.prievidza@gmail.com, [&hellip;]<\/p>\n","protected":false},"author":3,"featured_media":0,"parent":0,"menu_order":0,"comment_status":"closed","ping_status":"closed","template":"","meta":{"_et_pb_use_builder":"on","_et_pb_old_content":"","_et_gb_content_width":"","footnotes":""},"class_list":["post-13","page","type-page","status-publish","hentry"],"_links":{"self":[{"href":"https:\/\/www.kotly-prievidza.sk\/index.php?rest_route=\/wp\/v2\/pages\/13","targetHints":{"allow":["GET"]}}],"collection":[{"href":"https:\/\/www.kotly-prievidza.sk\/index.php?rest_route=\/wp\/v2\/pages"}],"about":[{"href":"https:\/\/www.kotly-prievidza.sk\/index.php?rest_route=\/wp\/v2\/types\/page"}],"author":[{"embeddable":true,"href":"https:\/\/www.kotly-prievidza.sk\/index.php?rest_route=\/wp\/v2\/users\/3"}],"replies":[{"embeddable":true,"href":"https:\/\/www.kotly-prievidza.sk\/index.php?rest_route=%2Fwp%2Fv2%2Fcomments&post=13"}],"version-history":[{"count":0,"href":"https:\/\/www.kotly-prievidza.sk\/index.php?rest_route=\/wp\/v2\/pages\/13\/revisions"}],"wp:attachment":[{"href":"https:\/\/www.kotly-prievidza.sk\/index.php?rest_route=%2Fwp%2Fv2%2Fmedia&parent=13"}],"curies":[{"name":"wp","href":"https:\/\/api.w.org\/{rel}","templated":true}]}}