{"id":2707,"date":"2026-03-26T10:29:20","date_gmt":"2026-03-26T09:29:20","guid":{"rendered":"https:\/\/www.kotly-prievidza.sk\/?page_id=2707"},"modified":"2026-03-30T15:01:30","modified_gmt":"2026-03-30T14:01:30","slug":"nova-kategoria-voda","status":"publish","type":"page","link":"https:\/\/www.kotly-prievidza.sk\/?page_id=2707","title":{"rendered":"Nova kategoria voda"},"content":{"rendered":"<p>[et_pb_section fb_built=&#8220;1&#8243; _builder_version=&#8220;4.27.6&#8243; _module_preset=&#8220;default&#8220; global_colors_info=&#8220;{}&#8220;][\/et_pb_section][et_pb_section fb_built=&#8220;1&#8243; _builder_version=&#8220;4.27.6&#8243; _module_preset=&#8220;default&#8220; global_colors_info=&#8220;{}&#8220;][et_pb_row column_structure=&#8220;1_4,1_4,1_4,1_4&#8243; _builder_version=&#8220;4.16&#8243; custom_padding=&#8220;0px|0px|80px|0px&#8220; animation_style=&#8220;fade&#8220; global_colors_info=&#8220;{}&#8220;][et_pb_column type=&#8220;1_4&#8243; _builder_version=&#8220;4.16&#8243; custom_padding=&#8220;|||&#8220; global_colors_info=&#8220;{}&#8220; custom_padding__hover=&#8220;|||&#8220;][et_pb_blurb title=&#8220;Dom\u00e1ce vod\u00e1rne \u010cerpadl\u00e1&#8220; url_new_window=&#8220;on&#8220; image=&#8220;https:\/\/www.kotly-prievidza.sk\/wp-content\/uploads\/2026\/03\/vodaren.png&#8220; _builder_version=&#8220;4.27.6&#8243; header_level=&#8220;h2&#8243; background_color=&#8220;rgba(244,244,244,0.35)&#8220; text_orientation=&#8220;center&#8220; text_shadow_style=&#8220;preset1&#8243; global_colors_info=&#8220;{}&#8220;]<\/p>\n<p style=\"text-align: center;\">Z\u00e1hradn\u00e9, stud\u0148ov\u00e9, obehov\u00e9, cirkula\u010dn\u00e9 \u010derpadl\u00e1<\/p>\n<p>[\/et_pb_blurb][\/et_pb_column][et_pb_column type=&#8220;1_4&#8243; _builder_version=&#8220;4.16&#8243; custom_padding=&#8220;|||&#8220; global_colors_info=&#8220;{}&#8220; custom_padding__hover=&#8220;|||&#8220;][et_pb_blurb title=&#8220;Z\u00e1hradn\u00e9 ventily &#8220; url_new_window=&#8220;on&#8220; image=&#8220;https:\/\/www.kotly-prievidza.sk\/wp-content\/uploads\/2026\/03\/zahradny-ventil-mosadz.jpg&#8220; _builder_version=&#8220;4.27.6&#8243; header_level=&#8220;h2&#8243; background_color=&#8220;rgba(244,244,244,0.35)&#8220; text_orientation=&#8220;center&#8220; text_shadow_style=&#8220;preset1&#8243; global_colors_info=&#8220;{}&#8220;]<\/p>\n<p style=\"text-align: center;\">Z\u00e1hradn\u00e9 ozdobn\u00e9 ventily, liatinov\u00e9 um\u00fdvadl\u00e1\u00a0<\/p>\n<p>[\/et_pb_blurb][\/et_pb_column][et_pb_column type=&#8220;1_4&#8243; _builder_version=&#8220;4.16&#8243; custom_padding=&#8220;|||&#8220; global_colors_info=&#8220;{}&#8220; custom_padding__hover=&#8220;|||&#8220;][et_pb_blurb title=&#8220;R\u00fdchlo-spojky Z\u00e1hradn\u00e9 hadice&#8220; url_new_window=&#8220;on&#8220; image=&#8220;https:\/\/www.kotly-prievidza.sk\/wp-content\/uploads\/2026\/03\/rychlospojky.png&#8220; _builder_version=&#8220;4.27.6&#8243; header_level=&#8220;h2&#8243; background_color=&#8220;rgba(244,244,244,0.35)&#8220; text_orientation=&#8220;center&#8220; text_shadow_style=&#8220;preset1&#8243; global_colors_info=&#8220;{}&#8220;]<\/p>\n<p style=\"text-align: center;\">R\u00fdchlo-spojkov\u00fd syst\u00e9m, z\u00e1hradn\u00e9 bubny a hadice<\/p>\n<p>[\/et_pb_blurb][\/et_pb_column][et_pb_column type=&#8220;1_4&#8243; _builder_version=&#8220;4.16&#8243; custom_padding=&#8220;|||&#8220; global_colors_info=&#8220;{}&#8220; custom_padding__hover=&#8220;|||&#8220;][et_pb_blurb title=&#8220;Vod\u00e1rensk\u00e9 \u0161achty&#8220; url_new_window=&#8220;on&#8220; image=&#8220;https:\/\/www.kotly-prievidza.sk\/wp-content\/uploads\/2026\/03\/sachta.png&#8220; _builder_version=&#8220;4.27.6&#8243; header_level=&#8220;h2&#8243; background_color=&#8220;rgba(244,244,244,0.35)&#8220; text_orientation=&#8220;center&#8220; text_shadow_style=&#8220;preset1&#8243; global_colors_info=&#8220;{}&#8220;]<\/p>\n<p style=\"text-align: center;\">Vod\u00e1rensk\u00e9 a vodomern\u00e9 \u0161achty<\/p>\n<p>[\/et_pb_blurb][\/et_pb_column][\/et_pb_row][\/et_pb_section][et_pb_section fb_built=&#8220;1&#8243; _builder_version=&#8220;4.27.6&#8243; _module_preset=&#8220;default&#8220; global_colors_info=&#8220;{}&#8220;][et_pb_row column_structure=&#8220;1_4,1_4,1_4,1_4&#8243; _builder_version=&#8220;4.16&#8243; custom_padding=&#8220;0px|0px|80px|0px&#8220; animation_style=&#8220;fade&#8220; global_colors_info=&#8220;{}&#8220;][et_pb_column type=&#8220;1_4&#8243; _builder_version=&#8220;4.16&#8243; custom_padding=&#8220;|||&#8220; global_colors_info=&#8220;{}&#8220; custom_padding__hover=&#8220;|||&#8220;][et_pb_blurb title=&#8220;Kanaliz\u00e1cia &#8220; url_new_window=&#8220;on&#8220; image=&#8220;https:\/\/www.kotly-prievidza.sk\/wp-content\/uploads\/2026\/03\/odvodnenie_a_kanalizacia.jpg&#8220; _builder_version=&#8220;4.27.6&#8243; header_level=&#8220;h2&#8243; background_color=&#8220;rgba(244,244,244,0.35)&#8220; text_orientation=&#8220;center&#8220; text_shadow_style=&#8220;preset1&#8243; global_colors_info=&#8220;{}&#8220;]<\/p>\n<p style=\"text-align: center;\">Kanaliza\u010dn\u00e9 r\u00fary, dren\u00e1\u017ene hadice, polyetyl\u00e9nov\u00e9 pr\u00edpojkov\u00e9 hadice<\/p>\n<p>[\/et_pb_blurb][\/et_pb_column][et_pb_column type=&#8220;1_4&#8243; _builder_version=&#8220;4.16&#8243; custom_padding=&#8220;|||&#8220; global_colors_info=&#8220;{}&#8220; custom_padding__hover=&#8220;|||&#8220;][et_pb_blurb title=&#8220;WC Syst\u00e9my&#8220; url_new_window=&#8220;on&#8220; image=&#8220;https:\/\/www.kotly-prievidza.sk\/wp-content\/uploads\/2026\/03\/alca-modul.jpg&#8220; _builder_version=&#8220;4.27.6&#8243; header_level=&#8220;h2&#8243; background_color=&#8220;rgba(244,244,244,0.35)&#8220; text_orientation=&#8220;center&#8220; hover_enabled=&#8220;0&#8243; text_shadow_style=&#8220;preset1&#8243; global_colors_info=&#8220;{}&#8220; sticky_enabled=&#8220;0&#8243;]<\/p>\n<p style=\"text-align: center;\">Kombi WC, Z\u00e1vesn\u00e9 syst\u00e9my a pr\u00edslu\u0161enstvo<\/p>\n<p>[\/et_pb_blurb][\/et_pb_column][et_pb_column type=&#8220;1_4&#8243; _builder_version=&#8220;4.16&#8243; custom_padding=&#8220;|||&#8220; global_colors_info=&#8220;{}&#8220; custom_padding__hover=&#8220;|||&#8220;][et_pb_blurb title=&#8220;Zinkov\u00e9 Oce\u013eov\u00e9 Meden\u00e9 Plastov\u00e9 r\u00fary&#8220; url_new_window=&#8220;on&#8220; image=&#8220;https:\/\/www.kotly-prievidza.sk\/wp-content\/uploads\/2026\/03\/zinkova-rura.png&#8220; _builder_version=&#8220;4.27.6&#8243; header_level=&#8220;h2&#8243; background_color=&#8220;rgba(244,244,244,0.35)&#8220; text_orientation=&#8220;center&#8220; text_shadow_style=&#8220;preset1&#8243; global_colors_info=&#8220;{}&#8220;]<\/p>\n<p style=\"text-align: center;\">Oce\u013e, zinok, me\u010f, uhl\u00edkov\u00e1 oce\u013e, HT r\u00fary,\u00a0<\/p>\n<p>[\/et_pb_blurb][\/et_pb_column][et_pb_column type=&#8220;1_4&#8243; _builder_version=&#8220;4.16&#8243; custom_padding=&#8220;|||&#8220; global_colors_info=&#8220;{}&#8220; custom_padding__hover=&#8220;|||&#8220;][et_pb_blurb title=&#8220;Hlin\u00edk Plastov\u00e9 Potrubie&#8220; url_new_window=&#8220;on&#8220; image=&#8220;https:\/\/www.kotly-prievidza.sk\/wp-content\/uploads\/2026\/03\/alpex.png&#8220; _builder_version=&#8220;4.27.6&#8243; header_level=&#8220;h2&#8243; background_color=&#8220;rgba(244,244,244,0.35)&#8220; text_orientation=&#8220;center&#8220; text_shadow_style=&#8220;preset1&#8243; global_colors_info=&#8220;{}&#8220;]<\/p>\n<p style=\"text-align: center;\">Alpex hlin\u00edk plast pre podlahov\u00e9 k\u00farenie a rozvody vody, syst\u00e9mov\u00e9 polystyr\u00e9nov\u00e9 dosky<\/p>\n<p>[\/et_pb_blurb][\/et_pb_column][\/et_pb_row][\/et_pb_section][et_pb_section fb_built=&#8220;1&#8243; _builder_version=&#8220;4.27.6&#8243; _module_preset=&#8220;default&#8220; global_colors_info=&#8220;{}&#8220;][et_pb_row column_structure=&#8220;1_4,1_4,1_4,1_4&#8243; _builder_version=&#8220;4.16&#8243; custom_padding=&#8220;0px|0px|80px|0px&#8220; animation_style=&#8220;fade&#8220; global_colors_info=&#8220;{}&#8220;][et_pb_column type=&#8220;1_4&#8243; _builder_version=&#8220;4.16&#8243; custom_padding=&#8220;|||&#8220; global_colors_info=&#8220;{}&#8220; custom_padding__hover=&#8220;|||&#8220;][et_pb_blurb title=&#8220;K\u00fape\u013enov\u00e9 Vybavenie&#8220; url_new_window=&#8220;on&#8220; image=&#8220;https:\/\/www.kotly-prievidza.sk\/wp-content\/uploads\/2026\/03\/mereo-mereo.webp&#8220; _builder_version=&#8220;4.27.6&#8243; header_level=&#8220;h2&#8243; background_color=&#8220;rgba(244,244,244,0.35)&#8220; text_orientation=&#8220;center&#8220; text_shadow_style=&#8220;preset1&#8243; global_colors_info=&#8220;{}&#8220;]<\/p>\n<p style=\"text-align: center;\">Keramika, k\u00fape\u013e\u0148ov\u00fd n\u00e1bytok, vodovodn\u00e9 bat\u00e9rie, sprchy, sprchov\u00e9 k\u00faty, \u017e\u013eaby, sif\u00f3ny a in\u00e9<\/p>\n<p>[\/et_pb_blurb][\/et_pb_column][et_pb_column type=&#8220;1_4&#8243; _builder_version=&#8220;4.16&#8243; custom_padding=&#8220;|||&#8220; global_colors_info=&#8220;{}&#8220; custom_padding__hover=&#8220;|||&#8220;][et_pb_blurb title=&#8220;Ventily&#8220; url_new_window=&#8220;on&#8220; image=&#8220;https:\/\/www.kotly-prievidza.sk\/wp-content\/uploads\/2026\/03\/gulovy-ventil.jpg&#8220; _builder_version=&#8220;4.27.6&#8243; header_level=&#8220;h2&#8243; background_color=&#8220;rgba(244,244,244,0.35)&#8220; text_orientation=&#8220;center&#8220; text_shadow_style=&#8220;preset1&#8243; global_colors_info=&#8220;{}&#8220;]<\/p>\n<p style=\"text-align: center;\">Gu\u013eov\u00e9, radi\u00e1torov\u00e9, rohov\u00e9<\/p>\n<p>[\/et_pb_blurb][\/et_pb_column][et_pb_column type=&#8220;1_4&#8243; _builder_version=&#8220;4.16&#8243; custom_padding=&#8220;|||&#8220; global_colors_info=&#8220;{}&#8220; custom_padding__hover=&#8220;|||&#8220;][et_pb_blurb title=&#8220;Ohrev vody&#8220; url_new_window=&#8220;on&#8220; image=&#8220;https:\/\/www.kotly-prievidza.sk\/wp-content\/uploads\/2026\/03\/hakl.avif&#8220; _builder_version=&#8220;4.27.6&#8243; header_level=&#8220;h2&#8243; background_color=&#8220;rgba(244,244,244,0.35)&#8220; text_orientation=&#8220;center&#8220; text_shadow_style=&#8220;preset1&#8243; global_colors_info=&#8220;{}&#8220;]<\/p>\n<p style=\"text-align: center;\">Elektrick\u00e9 z\u00e1sobn\u00edkov\u00e9, prietokov\u00e9 bojlery a bat\u00e9rie<\/p>\n<p>[\/et_pb_blurb][\/et_pb_column][et_pb_column type=&#8220;1_4&#8243; _builder_version=&#8220;4.16&#8243; custom_padding=&#8220;|||&#8220; global_colors_info=&#8220;{}&#8220; custom_padding__hover=&#8220;|||&#8220;][et_pb_blurb title=&#8220;PVC a HT &#8220; url_new_window=&#8220;on&#8220; image=&#8220;https:\/\/www.kotly-prievidza.sk\/wp-content\/uploads\/2026\/03\/pvc.png&#8220; _builder_version=&#8220;4.27.6&#8243; header_level=&#8220;h2&#8243; background_color=&#8220;rgba(244,244,244,0.35)&#8220; text_orientation=&#8220;center&#8220; text_shadow_style=&#8220;preset1&#8243; global_colors_info=&#8220;{}&#8220;]<\/p>\n<p style=\"text-align: center;\">R\u00fary HT aj PVC -nahrievacie a kompletny syst\u00e9m dopojenia<\/p>\n<p>[\/et_pb_blurb][\/et_pb_column][\/et_pb_row][\/et_pb_section]<\/p>\n","protected":false},"excerpt":{"rendered":"<p>Z\u00e1hradn\u00e9, stud\u0148ov\u00e9, obehov\u00e9, cirkula\u010dn\u00e9 \u010derpadl\u00e1Z\u00e1hradn\u00e9 ozdobn\u00e9 ventily, liatinov\u00e9 um\u00fdvadl\u00e1\u00a0R\u00fdchlo-spojkov\u00fd syst\u00e9m, z\u00e1hradn\u00e9 bubny a hadiceVod\u00e1rensk\u00e9 a vodomern\u00e9 \u0161achtyKanaliza\u010dn\u00e9 r\u00fary, dren\u00e1\u017ene hadice, polyetyl\u00e9nov\u00e9 pr\u00edpojkov\u00e9 hadiceKombi WC, Z\u00e1vesn\u00e9 syst\u00e9my a pr\u00edslu\u0161enstvoOce\u013e, zinok, me\u010f, uhl\u00edkov\u00e1 oce\u013e, HT r\u00fary,\u00a0Alpex hlin\u00edk plast pre podlahov\u00e9 k\u00farenie a rozvody vody, syst\u00e9mov\u00e9 polystyr\u00e9nov\u00e9 doskyKeramika, k\u00fape\u013e\u0148ov\u00fd n\u00e1bytok, vodovodn\u00e9 bat\u00e9rie, sprchy, sprchov\u00e9 k\u00faty, \u017e\u013eaby, sif\u00f3ny a [&hellip;]<\/p>\n","protected":false},"author":5,"featured_media":0,"parent":0,"menu_order":0,"comment_status":"closed","ping_status":"closed","template":"","meta":{"_et_pb_use_builder":"on","_et_pb_old_content":"","_et_gb_content_width":"","footnotes":""},"class_list":["post-2707","page","type-page","status-publish","hentry"],"_links":{"self":[{"href":"https:\/\/www.kotly-prievidza.sk\/index.php?rest_route=\/wp\/v2\/pages\/2707","targetHints":{"allow":["GET"]}}],"collection":[{"href":"https:\/\/www.kotly-prievidza.sk\/index.php?rest_route=\/wp\/v2\/pages"}],"about":[{"href":"https:\/\/www.kotly-prievidza.sk\/index.php?rest_route=\/wp\/v2\/types\/page"}],"author":[{"embeddable":true,"href":"https:\/\/www.kotly-prievidza.sk\/index.php?rest_route=\/wp\/v2\/users\/5"}],"replies":[{"embeddable":true,"href":"https:\/\/www.kotly-prievidza.sk\/index.php?rest_route=%2Fwp%2Fv2%2Fcomments&post=2707"}],"version-history":[{"count":4,"href":"https:\/\/www.kotly-prievidza.sk\/index.php?rest_route=\/wp\/v2\/pages\/2707\/revisions"}],"predecessor-version":[{"id":2849,"href":"https:\/\/www.kotly-prievidza.sk\/index.php?rest_route=\/wp\/v2\/pages\/2707\/revisions\/2849"}],"wp:attachment":[{"href":"https:\/\/www.kotly-prievidza.sk\/index.php?rest_route=%2Fwp%2Fv2%2Fmedia&parent=2707"}],"curies":[{"name":"wp","href":"https:\/\/api.w.org\/{rel}","templated":true}]}}